when 228 is divided by c.
6
Let x(j) = -j + 6. Let g be x(-13). Let z(a) = a - 3*a - 17 - 19 + g. Calculate the remainder when 108 is divided by z(-14).
9
Suppose 8*h - 1518 = -270. Let s be (-2)/(-4) + h/8 + -2. Suppose 0 = -n - 2*n + s. Calculate the remainder when 57 is divided by n.
3
Let b(i) = -i**2 + 40*i + 49. Let z be b(29). Let q = 427 - z. Calculate the remainder when q is divided by 23.
13
Let u(p) = -p**3 - 8*p**2 - 4. Let k be u(-6). Suppose 14*v - 298 + 855 = -633. Let l = k - v. Calculate the remainder when 17 is divided by l.
8
Suppose -1418*b = -1699*b + 17141. Let a(q) = -5*q + 3. What is the remainder when b is divided by a(-4)?
15
Let p be (-6 - 18*-2) + 0 + 2. Let v be (-1 + p + 2)/((-33)/(-44)). Suppose -g - 29 = -v. Calculate the remainder when 39 is divided by g.
9
Suppose -5*n - 3*u + 2874 = 0, -4*u + 2872 = 5*n - 0*n. Suppose 5*a - n = -7*a. What is the remainder when a is divided by (-50)/18 + 3 - (-748)/36?
6
Suppose 39*x - 3213 + 1010 = 761. Calculate the remainder when 382 is divided by x.
2
Let t(l) = -l**2 - 7*l + 146. Let z be t(-16). Suppose z*k + 3*k - 240 = 0. Calculate the remainder when k is divided by 17.
14
Suppose -294 = 12*i - 750. Calculate the remainder when 252 is divided by i.
24
Let s(m) = -405*m + 13. Let y be 4/14 - (-27)/(-21). What is the remainder when s(y) is divided by 7?
5
Let i(r) = r**2 + 32*r + 44. Let g be i(-32). Suppose -2*u + g + 44 = 0. Calculate the remainder when u is divided by 17.
10
Calculate the remainder when 727 is divided by 7 - (((-4192)/6)/4 - 464/348).
178
Let n = 122 + -122. What is the remainder when (109 - n) + 2 + (-18)/9 is divided by 16?
13
Let w be -36*7/(105/(-10)). Suppose 23*y = w*y - 7. Suppose -4*r + 5*h = -87, 3*r = -0*h + 3*h + 63. Calculate the remainder when r is divided by y.
4
Let j(i) = -i**3 + 2*i**2 + 7*i + 2. Let y be j(-2). Suppose 5*c - 511 = 3*o, -10*o = -y*c - 7*o + 410. Calculate the remainder when c is divided by 18.
11
Let l(r) = -r + 44. Let i be l(0). Let n = i + -43. What is the remainder when 5 is divided by -1 + n/(-1 + 10/8)?
2
Let r = 12353 + -12346. What is the remainder when 2635 is divided by r?
3
Let n = -4321 - -4479. Calculate the remainder when 6159 is divided by n.
155
Let g = -1277 + 1308. Calculate the remainder when 60 is divided by g.
29
What is the remainder when 16/7*(480795/30)/19 is divided by 92?
88
Suppose -4 + 20 = 4*y. Let s(g) = 5*g**3 - 42*g**2 - 24*g + 10. Calculate the remainder when s(9) is divided by 9*y/3*1.
1
Let y = 1504 + -1100. Calculate the remainder when y is divided by 95.
24
Let n(y) = y**2 - 33*y + 154. Let o be n(28). Suppose -4*g = -x + 134, 18*g = 4*x + o*g - 584. Calculate the remainder when x is divided by 27.
15
Suppose c = 5*b - 0*b + 3, -6 = -2*c. Suppose b = -28*n + 23*n + 680. Calculate the remainder when n is divided by 53.
30
Suppose -3*o + 12 = c, 2*o + 4*c = -0*o + 18. Suppose a - 44 = -5*f - 2*a, a = o. Suppose 0 = -f*y - 2*y + 144. Calculate the remainder when 61 is divided by y.
13
Let o(w) = 17*w**3 + 23*w**2 - 19*w - 5. Calculate the remainder when o(3) is divided by 55.
54
What is the remainder when (-20 + 944 + 13)*1 is divided by 20?
17
Suppose 0 = 8*q + 7949 - 10493. What is the remainder when q is divided by 20?
18
Let h(m) = 8*m - 10. Let y be h(2). What is the remainder when (1/2*2)/(y/846) is divided by 72?
69
Let j be ((-4)/(-9))/(392/63 - 6). Suppose -37 = -6*p + 5*p + j*c, -2*c + 138 = 4*p. Calculate the remainder when 60 is divided by p.
25
Let u(m) = -m**3 + 148*m + 796. Suppose 0 = 3*o - 0*o - 189. Calculate the remainder when u(-13) is divided by o.
61
Let p = -207 - -212. Suppose -4*r - d + 219 = 0, -18 = r - p*d - 78. What is the remainder when 108 is divided by r?
53
Suppose 32*b - 825 - 487 = 0. Let c = 512 - 353. Calculate the remainder when c is divided by b.
36
Suppose 9 - 9 = -5*o. Suppose 2*v + o*v = -5*z + 80, -5 = v. Suppose -4*i - i + 335 = 0. Calculate the remainder when i is divided by z.
13
Let t = 229 - 243. Let r = 180 - t. What is the remainder when r is divided by 22?
18
Let g(i) = 5*i - 22. Let t be g(5). Suppose 51 = t*h - 0*h. Calculate the remainder when (-2)/14 - (1347/(-21) - 1) is divided by h.
14
Let g = -800 - -1199. Suppose 402*m - 1356 = g*m. Calculate the remainder when m is divided by 38.
34
Suppose -3219*c + 6419*c = 3211*c - 50435. What is the remainder when c is divided by 33?
31
Let j = -116540 - -116597. What is the remainder when j is divided by 0 + 2 + (-54)/(-3)?
17
Calculate the remainder when (14980 - -1) + (-49)/((-343)/(-14)) is divided by 33.
30
Let o = 223 + -227. Suppose -3*q - 2*w + 128 = 0, 7 - 213 = -5*q + 4*w. Calculate the remainder when q is divided by ((-12)/3 - o) + 15 + 0.
12
Let a(y) = 62*y - 2738. Let t be a(44). Let f(k) be the second derivative of k**3/6 + 38*k**2 - k. Calculate the remainder when f(t) is divided by 17.
15
Let d = -10069 - -10118. What is the remainder when d is divided by 43?
6
Let o = -60 - -100. What is the remainder when 28/42*(1041 - 12 - 12) is divided by o?
38
Let f(b) = -b**3 + 79*b**2 + 166*b - 201. Calculate the remainder when 610 is divided by f(81).
118
Let q = -3461 + 5368. Calculate the remainder when q is divided by 53.
52
Let z = -1846 - -3441. Calculate the remainder when z is divided by 6.
5
Suppose 48*u + 1416 = 16104. What is the remainder when 874 is divided by u?
262
Suppose -3*p - 9*p + 5676 = 0. Let q = -188 + p. What is the remainder when q is divided by 36?
33
Suppose 0 = 8*z - 3*z - 4*g - 1355, 2*g = 3*z - 811. What is the remainder when z is divided by 6?
3
Let o(q) = 8*q - 58. Let d be o(9). Suppose -22*t = -d*t - 256. Suppose -b + 4 = -122. What is the remainder when b is divided by t?
30
Let n = 168 - 168. Suppose -5*m = n, -36 = -r - m + 7. What is the remainder when r is divided by 15?
13
Suppose -42*g = -3479 + 245. Calculate the remainder when 469 is divided by g.
7
Let l(f) = -153*f + 3888. Calculate the remainder when l(14) is divided by 24.
18
Let b be 9/6*2*(-3 - -4). Suppose -l + 4 = b*r, 4*r = -4*l - 4 + 36. What is the remainder when 269 is divided by l?
9
Let c = -6398 - -6557. What is the remainder when c is divided by 73?
13
Suppose 4*c - 3142 = 5*n, -3 = -2*c - 7. Let b = n - -642. What is the remainder when 81 is divided by b?
9
Suppose 9*r = -r + 30. Suppose 0 = -3*a + 15, 177 = 7*s - r*s + 5*a. What is the remainder when (-1 + 0)/(2/(-226)) is divided by s?
37
Let m = 9431 - 1325. Calculate the remainder when m is divided by 2698.
12
Let k be (20/(-1))/(2/(-3)). Let y = -1018 + 1033. Let j = k - y. What is the remainder when 119 is divided by j?
14
Suppose z = 4*j + 202 - 42, 0 = 4*z - j - 670. What is the remainder when 1022 is divided by z?
14
What is the remainder when 2917 is divided by (10/(-8)*-2)/(9 - 980/112)?
7
Suppose 0 = 3*x + 9602 - 9971. What is the remainder when 718 is divided by x?
103
Suppose -5*i + 150 = 3*m - m, m + 5*i - 80 = 0. Suppose 125 + m = 3*g. Let n = g - 17. What is the remainder when 92 is divided by n?
44
Suppose 60 - 232 = -4*l. Suppose o + 5*w - 19 = 0, 3*o - 13*w - l = -14*w. Suppose 0 = -2*m + 115 + 17. What is the remainder when m is divided by o?
10
Suppose -23 = -7*v + 12. Suppose w + v*w - 162 = 0. Suppose -7*m = -6*m - w. What is the remainder when 106 is divided by m?
25
Let k(w) = w**3 + 10*w**2 - 10*w. Let o be (-3 - -3)/(-2 + -3). Let l be 1/3 + o + (-31)/3. What is the remainder when k(l) is divided by 34?
32
Suppose -4*w - 3*d = -256, -143 + 371 = 4*w - 4*d. Suppose 0 = -4*a - 3*v + w, 38 = 2*a - 2*v + 6*v. What is the remainder when 33 is divided by a?
7
Let d(y) = y**3 - 5*y**2 - 50*y + 168. What is the remainder when 4029 is divided by d(10)?
165
Suppose 133*y - 1162147 - 181728 = -261255. What is the remainder when y is divided by 46?
44
Let k = -16363 - -17308. Calculate the remainder when k is divided by 269.
138
Let f be (-20)/(-2)*90/(-20). Let z = f - -19. Let k = z + 37. Calculate the remainder when 43 is divided by k.
10
Let o = 36987 + -36922. What is the remainder when 3958 is divided by o?
58
Let x(n) = -50*n + 5282. Calculate the remainder when 1562 is divided by x(96).
116
Let g be 2 - (-1 + (-2 - -5)). Suppose 14*n - 877 - 3645 = g. What is the remainder when n is divided by